 What is the tens digit of l?
1
Suppose -4*i = 5*l - 42, -i - 4 = l - 13. Suppose -3*b + a = -78, -b + 45 - l = 4*a. What is the units digit of b?
7
Let i = 91 + -86. Suppose i*n = -11*n + 3344. What is the hundreds digit of n?
2
Let r(f) = 219*f + 6343. What is the hundreds digit of r(0)?
3
Let y = 107 - 104. Suppose -267 = -c - c - y*z, -2*c - 2*z = -262. What is the units digit of c?
6
What is the units digit of 2807*-3*736/(-336)?
6
Let q = 63 - 8. Let h = q - 48. What is the units digit of h/(-14) + 483/6?
0
Let q = 36 - 115. Let z = 95 + q. Suppose -n - z + 113 = 0. What is the units digit of n?
7
Let i be 26/(-1*(-2)/3). Suppose 3*g = -i - 0. What is the units digit of -2 + 5 + (g - -276)?
6
Let z(k) = 0 + k - 16 - 15 - 189*k. What is the hundreds digit of z(-4)?
7
Let v(d) = -308*d**3 - d**2 + 1. Let l(n) = n**3 + n**2 - n. Let f(o) = 3*l(o) - v(o). What is the hundreds digit of f(1)?
3
Let i(m) = m**2 + 10*m + 30. Let u be i(-7). Suppose 3*s = -5*b - 8, -2*s - 1 = b + u. What is the tens digit of 145*(s + 4 - -3)?
4
Suppose 0 = 138*y - 132*y - 12. Suppose 3*d + 1634 = y*l, 11 = 3*d + 5. What is the hundreds digit of l?
8
Suppose 10*l = 1 + 9. What is the hundreds digit of -3 - (l - (1 + 181))?
1
Suppose 970 = 10*y - 5*y. Suppose -30*l + y = -28*l. What is the units digit of (3/(-3))/(2 + (-195)/l)?
7
Let v = 2993 - -570. What is the thousands digit of v?
3
Suppose f - 994 = -z, -f - 3*z = -7*z - 984. Let j = f + -484. Suppose 3*q - j + 50 = 5*s, q + 5*s - 146 = 0. What is the tens digit of q?
5
Let j = -14820 + 25780. What is the thousands digit of j?
0
Let z(u) = 17*u**2 + 2*u - 71. What is the tens digit of z(-16)?
4
Suppose 12 + 23 = 5*g. Let w be (-3)/(-6)*(-7 + g). Suppose w = -y - 4*y + 125. What is the tens digit of y?
2
Let p = -2320 - -9931. What is the tens digit of p?
1
Let s(b) = -7*b**3 - 5*b - 2. Let o be s(-3). Let t = o - -128. Let q = t - 234. What is the tens digit of q?
9
Let d(o) = -3*o**3 + 196*o**2 - 75*o - 279. What is the units digit of d(64)?
5
Let v(g) = 180*g**2 - 73*g + 678. What is the ten thousands digit of v(8)?
1
Let k be 6/((-14)/(-8) - 1). Let j(b) = 205027*b + 3*b**2 - 205027*b + 7. What is the units digit of j(k)?
9
Let u(g) = 2*g + 106. Suppose -20 - 10 = 3*q. What is the units digit of u(q)?
6
Let h(y) = 32*y + 127. Let x(u) = -2*u**3 + 20*u**2 + 4*u - 21. Let b be x(10). What is the hundreds digit of h(b)?
7
Let l(i) = -i**2 - 22*i - 34. Let y be l(-15). Suppose -3*p - 3 = 3. What is the units digit of p*y/(-4)*2?
1
Let u(p) = 19*p**2 - 171*p - 3310. What is the hundreds digit of u(-24)?
7
Suppose -94*d = -71*d - 710378. What is the hundreds digit of d?
8
Let t(p) = 2*p**2 - 1. Let v be t(5). Suppose -10*q - v = -17*q. Suppose -q*b + 76 = -71. What is the tens digit of b?
2
Suppose 0 = -r + 3, 2*y + 0*y - 14 = -2*r. Suppose 3*v - 10 = -y. Suppose 2 = -b + 4, -v*k + b = -64. What is the tens digit of k?
3
Let q be 1 + 0 - (4 - (40 - 1)). Let c = q - -136. What is the hundreds digit of c?
1
Suppose -4*q + 22 = 5*k, 0 = q - 0*q + 4*k - 11. Let v be (2 - q)/(3/(-24) - 0). What is the tens digit of v/12*6*33?
3
Let z(s) = -9557*s + 95. What is the tens digit of z(-1)?
5
Let o = 10136 - -12184. What is the units digit of o?
0
Let c = -371 - -387. Suppose 4*m = c, 0 = -n + 4*m - 0*m. What is the units digit of n?
6
Let o(x) = -8*x + 135. Let h be o(17). What is the units digit of 9*(h/(-4) + (-358)/(-8))?
5
Let r(w) be the second derivative of 2*w**4/3 + 10*w**3/3 - w**2/2 + 33*w. Let a be r(-6). What is the hundreds digit of -25 + a + 0 + -1?
1
Let b(o) = 2*o**3 - 10*o**2 + 10*o - 28. Let n be -196*(0 + 18/24). Let j = n + 154. What is the units digit of b(j)?
8
Let m = -2507 - -5377. Let k = -1956 + m. What is the units digit of k?
4
Let q = -547 - 47. Let d = -309 - q. What is the tens digit of d?
8
Let u be -4 - -4962*15/10. Suppose 27*k - u = 364. What is the tens digit of k?
8
Suppose 46*f + 15434 = -7980. Let r = -298 - f. What is the hundreds digit of r?
2
Let q = -53 + 58. Suppose 2*m - 17 = x, 5*m - q*x - 19 = m. Let z(g) = g**2 - 2*g. What is the tens digit of z(m)?
9
Suppose -4*i - o + 0*o + 71 = 0, 2*i = 5*o + 63. Suppose x + 2*n = i, 4*x - 8*n = -3*n + 128. What is the tens digit of (-5 + -2)*(-1 - x/7)?
3
Let c(r) = r**3 - 7*r**2 + 11*r - 5. Let a be c(5). Suppose 5*g + a*g - 4*x - 1533 = 0, -g = -5*x - 315. What is the hundreds digit of g?
3
Let n be ((-121)/11)/(2/(-2220)). Suppose 12*q + n = 27*q. What is the hundreds digit of q?
8
What is the thousands digit of 1596 - (2 + 4) - (-54 - -47)?
1
Let d = 1487 + 3985. What is the hundreds digit of d?
4
Let k = -167 - -151. Let d(p) = p**2 + 11*p + 26. What is the hundreds digit of d(k)?
1
Let x = -754 + 1396. Let o = -335 + x. What is the units digit of o?
7
Let l(g) = -13*g**2 + 10*g + 2. Let q(n) = -n - 3. Let r(a) = 2*a + 7. Let o(x) = -5*q(x) - 2*r(x). Let b(d) = -l(d) + 6*o(d). What is the tens digit of b(2)?
4
Suppose 0 = 2*g - 4*b - 4110, -6215 = 206*g - 209*g - 4*b. What is the hundreds digit of g?
0
Suppose 3*i - 4*i - 80 = 0. Let t = 104 + i. Suppose -27*f = -t*f - 93. What is the units digit of f?
1
Let z = 21944 - 19872. What is the units digit of z?
2
Suppose -6*d = -7*d - 2. Let q(g) = -72*g - 19. What is the tens digit of q(d)?
2
Let h(o) = -406*o + 11. Let c be h(-7). What is the tens digit of c/6 - 2 - (-10)/(-20)?
7
Suppose -3*y + 3*b + 21 = 0, 3*b - 26 = -4*y + 6*b. Suppose -11*s = -y*s - 126. What is the tens digit of 3/s*145 - 2/(-7)?
2
Let z = 78857 - -10578. What is the units digit of z?
5
Let q(c) = 2*c**2 + 17*c + 52. Let g be q(-8). What is the units digit of 91/28*(3 + -7 + g)?
0
Suppose -12 = -s - 8, 6 = l + 3*s. What is the units digit of (-8)/12 + (-2)/l*359?
9
What is the thousands digit of (166/7)/((-242)/(-751289))?
3
Let i(a) = 5*a + 136. Let l be i(4). Let u = l + -24. What is the tens digit of u?
3
Suppose -15*s + 16*s = 1665. Suppose -22*q = -25*q + s. Suppose 3*h - q = -3*k, h = 7*k - 6*k + 187. What is the hundreds digit of h?
1
Let h be ((-12)/(-9))/((-2)/(-6)). Let u be (-16272)/(-189) - h/42. Suppose 0 = -5*g + a + u, -1 - 47 = -2*g - 3*a. What is the units digit of g?
8
Let g = 528 - -1982. What is the tens digit of g?
1
What is the tens digit of 4*(14 - 189975/(-60))?
2
Let k = 51 - 40. Let x(w) = -9*w - k*w + 9 + 32 + 19*w. What is the tens digit of x(14)?
2
Suppose -m - 4*y - 18 = y, 0 = 5*m - 5*y - 30. Let t be ((-35)/70)/((-2)/(-12)). What is the tens digit of -3 + 15 - (m - (-6)/t)?
1
Let j be 328 - (1 + -1)/(-5) - 1. Let d = j + -48. What is the tens digit of d?
7
Let n be 6 + 1*(-6 + 143). Let s = 37 + n. What is the tens digit of s?
8
Let d(t) be the second derivative of t**4 - 7*t**3/6 + 5*t**2/2 - t - 40. Suppose 5*k - n = 14, 3*k + 2*n + 3 - 1 = 0. What is the tens digit of d(k)?
3
Let p be (12 - 43)*(0 - -19). Let c = p - -1168. What is the units digit of c?
9
Let v(g) be the first derivative of 43*g**2 + 69*g - 160. What is the hundreds digit of v(4)?
4
Let f(d) = 15*d**2 - 5*d + 2. Let o be f(2). Suppose -x + 613 = -5*g + o, 4*x - 2266 = -2*g. Let h = x - 299. What is the hundreds digit of h?
2
Let r(q) = 18806*q**2 + 4*q + 2. Let p be r(-1). What is the tens digit of p/54 - (-6)/(-27)?
4
Suppose 7959 = 3*l - 3*d, l = 4*d + 2670 - 14. What is the units digit of l?
2
What is the thousands digit of (-3606)/(-8)*4 + -3?
1
Suppose -18*r = -16*r + 670. Let l = 68 - r. What is the units digit of l?
3
Let p be (-728)/8*((-6)/2 - 4). Suppose -3*x = z - p, 13*x - 9*x - 3207 = -5*z. What is the hundreds digit of z?
6
Let a(g) = -78*g - 62. Let n(q) = 856*q + 684. Let l(h) = -32*a(h) - 3*n(h). What is the tens digit of l(-6)?
6
Suppose 4*k + m = 2*m + 17, k + 3*m + 12 = 0. Suppose 9*o - k*o - 666 = 0. What is the units digit of o?
1
Suppose 0 = 4*r + 895 + 1845. Let k = 1337 + r. What is the hundreds digit of k?
6
Suppose -83*v = -78*v - 10335. Suppose v = 10*u - 93. What is the tens digit of u?
1
What is the units digit of (-33305)/(-4) + 125/(-100)?
5
What is the tens digit of ((-504)/(-56))/(3/4030)?
9
Suppose -549*n + 57635 = -544*n. What is the tens digit of n?
2
Let j(f) = -36*f**3 + f**2 + 2*f + 1. Let p be j(-1). Let k = 629 - 662. Let y = p + k. What is the units digit of y?
3
Le